s divided by 35?
13
Let o = 43 - 3. Suppose -2*p + 3*l - 270 = -5*p, 0 = 4*p + 3*l - 357. Let q = p + -66. What is the remainder when o is divided by q?
19
Let j be 2 + (-12)/(-1)*(-4)/(-12). What is the remainder when 91 is divided by ((-8)/j*759/22)/(-2)?
22
Let w = 339 + -231. Let g be ((-6)/(-4))/((-6)/(-16)). Suppose 4*y = -g*n + 136, -2*n - 14 = -3*y + w. Calculate the remainder when y is divided by 13.
12
Suppose j - 1038 = 4*x - 5*x, 5*x + 4*j - 5185 = 0. Calculate the remainder when x is divided by 9.
7
Let m = -24 - 0. Let b = 15 - m. Let q = 44 - 30. Calculate the remainder when b is divided by q.
11
Calculate the remainder when (1444/(-20) + 2)/(4/(-20)) is divided by 59.
56
Suppose 16 = 2*k + 18. Calculate the remainder when (-986)/(-85) + k/(-5)*2 is divided by 8.
4
Suppose -5*b + 0 = -4*z + 29, -3*b = -9. Suppose -f = -4*p - z, 4*p + 6 = 2*p. Let w = 13 - f. Calculate the remainder when 53 is divided by w.
11
Let o(j) = 6*j + 4. Let s be o(-3). Let q(u) = u**3 + 15*u**2 - 18*u - 38. Let n be q(-16). Let c = n - s. Calculate the remainder when 13 is divided by c.
5
Let i = 119 - 117. Let f(u) = 1 - 1 + 8*u - 7. Calculate the remainder when 17 is divided by f(i).
8
Suppose 17*b - 3877 = 1529. What is the remainder when b is divided by 10?
8
Suppose -2*r + 2*k - 4*k + 194 = 0, 393 = 4*r + 3*k. Calculate the remainder when 225 is divided by r.
21
Let p(s) = -4*s - 1. Let h be p(1). Suppose 11*y - 144 = -5*y. What is the remainder when (-6)/h*80/6 is divided by y?
7
Let f = 256 - 232. Calculate the remainder when f is divided by 14.
10
Suppose -5*y + 2*i + 226 = 0, 0 = y - i - 2*i - 53. What is the remainder when 204 is divided by y?
28
Suppose -5*g + 302 = -4*l + 5, -3*l - 4*g - 184 = 0. Let p = -57 - l. Calculate the remainder when 63 is divided by p.
8
Let l(h) = -h**2 + 12*h + 6. Let y be l(11). Suppose -w - 13 = -8*d + 7*d, -d - w + y = 0. What is the remainder when 25 is divided by d?
10
What is the remainder when 59334/248 - (-1)/(-4) is divided by 48?
47
Let d = -32 - -132. Let l = d - 86. What is the remainder when 27 is divided by l?
13
Let h = 81 + -118. Let w = h + 72. What is the remainder when 102 is divided by w?
32
Let b be (4/6)/((-4)/(-18)) - 0. Suppose 0 = b*v - 90 - 21. What is the remainder when v is divided by 14?
9
Let v(o) = 165*o + 859. What is the remainder when v(-5) is divided by 7?
6
Suppose 4 = -f - 10. Let t(w) = -w**2 + 19*w - 3. Let m be t(19). Let v = m - f. What is the remainder when 43 is divided by v?
10
Let v = 3 + -12. Calculate the remainder when ((-114)/v)/(16/24) is divided by 5.
4
Let i(p) = p**2 - 8*p + 24. Suppose 0 = 8*o + 2 - 58. What is the remainder when i(o) is divided by 8?
1
Let w = 53 - 37. Suppose -w*p + 8*p + 144 = 0. Calculate the remainder when 69 is divided by p.
15
Let s = -21 - -16. Let a be 100/8*(-16)/s. Suppose -2*v + 24 = -4*n, 3*v - 3*n - 2 = a. What is the remainder when 63 is divided by v?
15
Let k(b) be the second derivative of -b**3/2 - 29*b**2/2 - 20*b. What is the remainder when 84 is divided by k(-17)?
18
Let t = -42 - -60. Let p be (-3 - (-1 - (-106)/(-2)))*5. Suppose -6*c + p = -c. Calculate the remainder when c is divided by t.
15
Let h = -7 + 19. Suppose r = -5*r. What is the remainder when (r - 7)*h/(-14) is divided by 4?
2
Suppose -3*f + 209 = -55. Let l = 701 + -491. Suppose 3*s - l = -4*s. What is the remainder when f is divided by s?
28
Let a = 139 - 101. Calculate the remainder when 63 is divided by a.
25
Let v be (10*4/(-8))/((-3)/15). Suppose 0 = -v*y + 33*y - 280. Let j(g) = 6*g + 1. What is the remainder when y is divided by j(3)?
16
What is the remainder when 16 is divided by 650/(-78)*(-12)/10?
6
Suppose -3*m - 100 = -4*v, -2*v - 4*m + 9 + 19 = 0. Let p be ((-2)/(-4))/(7/308). Let a = 19 + p. Calculate the remainder when a is divided by v.
19
Suppose 0 = 2*j - 0*j - 100. Let m = -1594 - -1611. What is the remainder when j is divided by m?
16
Let r(j) = -11*j + 30. What is the remainder when 63*(15/(-9) + 2) is divided by r(2)?
5
Suppose h + 1 = 7. Let u = -26 + 58. Let b = u + -22. Calculate the remainder when b is divided by h.
4
Let r be ((-2)/(-5))/((-1)/(-25)). Let q be 176/r + (-2)/(-5). Suppose 0*t + q = 2*t. What is the remainder when 34 is divided by t?
7
Suppose -60 = 5*f - 4*f. Let m = -39 - f. Calculate the remainder when m is divided by 8.
5
Let q = 487 + 185. What is the remainder when q is divided by 26?
22
Let h = 1036 + -666. What is the remainder when h is divided by 14?
6
Let o = 174 + -59. Let r = 184 - o. What is the remainder when r is divided by 36?
33
Let x(v) = -37*v - 13. Suppose -2*g - 734 = -4*g. Suppose 0 = -5*p + 5, 0 = 4*t + p - 2*p - g. Calculate the remainder when t is divided by x(-1).
20
Let u(q) = 5*q**3 - q**2 + 2*q - 1. Calculate the remainder when (495/(-44) - -11)*-64 is divided by u(1).
1
Suppose -29*d - 2*l = -26*d - 266, l - 262 = -3*d. Calculate the remainder when d is divided by 49.
37
Let d = 9020 + -8982. Suppose -5*o = -2*o - 66. What is the remainder when d is divided by o?
16
Let f = -18 - -6. Let o(c) = -4*c - 29. Calculate the remainder when 50 is divided by o(f).
12
Suppose 5*o - 3*s - s - 36 = 0, 0 = -s - 4. Suppose 5*b - 45 = 60. Calculate the remainder when b is divided by o.
1
Let d(s) = -s**2 - 11*s + 4. Let a(g) = g**3 - 2*g**2 + 2. Let c be a(2). Suppose -c*o = o - 201. Calculate the remainder when o is divided by d(-10).
11
Suppose -71 = -5*r + 4*r. Let q = 6 - -12. Calculate the remainder when r is divided by q.
17
Suppose 0 = -5*m + 2*y + 147, 5*m - 3*y + 2*y = 146. Let k = 29 + -13. What is the remainder when m is divided by k?
13
Let k = 64 + -48. Suppose q = 2*q + 13. Let h = k + q. What is the remainder when 10 is divided by h?
1
Let n be 1 + (-4)/2*-3. Suppose n*i = 10*i - 6. Calculate the remainder when 5 is divided by i.
1
Let z = -261 + 353. What is the remainder when z is divided by 44?
4
Let i(y) = -y**2. Let d be i(1). Suppose -5*h + 99 = 109. Calculate the remainder when 45 is divided by (-31)/(-2) + d/h.
13
Let g(h) = h**3 - 10*h**2 - 20*h + 35. What is the remainder when g(12) is divided by 21?
20
Let f(y) = -y**2 + 7*y - 9. Let m be f(3). Suppose 5*h = -2*k + 101, -h + 0*h = m*k - 28. Calculate the remainder when h is divided by 7.
5
Suppose 5*d - 172 - 178 = 0. Let s = d + -30. Let b(i) = -i + 22. Calculate the remainder when s is divided by b(0).
18
Suppose -n - 6 + 4 = 0. Let j be (-6)/4 + (-103)/n. Suppose 75 = 4*k - f - 0*f, 2*k = -2*f + j. Calculate the remainder when k is divided by 7.
6
Suppose 3*u - 3*y - 51 = 0, -2*u + y = 3*u - 81. What is the remainder when 28 is divided by u?
12
Let a(r) = -r**2 - 18*r - 10. Let s be a(-14). Let t = 48 - s. What is the remainder when 16 is divided by t?
0
Suppose -m + 4 + 20 = 0. Let x = 409 - 324. Calculate the remainder when x is divided by m.
13
Let f(x) = -2*x**3 + x**2 + x + 7. Let c be f(3). Calculate the remainder when 53 is divided by ((-40)/(-50))/((-2)/c).
11
Suppose 3*w - 4*m = 74, w + 53 = 3*w + m. Let l = 44 - w. Suppose -n + l = 3*g, 3*n - n = 2*g + 68. What is the remainder when 59 is divided by n?
29
Let z = 74 + -16. Suppose -3*g + 311 + z = 0. Calculate the remainder when g is divided by 21.
18
Suppose 4*v = 3*u + 43, 3*v + 2*u + 22 = 5*v. What is the remainder when 59 is divided by v?
9
Let o = 23 - 29. Let l = 4 + o. Calculate the remainder when 52 is divided by l/10 + (-273)/(-15).
16
Calculate the remainder when ((-40)/50)/((-16)/2520) is divided by 22.
16
Let l = 11 + -7. Suppose 36*r = -39*r + 1125. What is the remainder when r is divided by l?
3
Suppose -2*y = -y. Let l(j) be the first derivative of -j**4/4 - j**2/2 + 7*j + 10. Calculate the remainder when 20 is divided by l(y).
6
Let n(p) be the first derivative of -p**3/3 + 21*p - 38. What is the remainder when 39 is divided by n(0)?
18
Suppose 196 = 3*t - 2*d, -3*t + 2*d - 212 = -6*t. Let a = t - 9. What is the remainder when a is divided by 5?
4
Suppose 3*y = 4*n + 1435, 10*y = -3*n + 13*y - 1077. Calculate the remainder when 118 is divided by n/(-12) + (-25)/(-150).
28
Suppose -2*l = -10, y - l - 5 = 3*y. Calculate the remainder when 112 is divided by 9/5 - 2 - 146/y.
25
Suppose 5*r + 5*q - 15 = 0, -3*r - 2*q = -5*q - 15. Let z(y) = y**2 - 1